{"id":118,"date":"2023-09-01T16:42:49","date_gmt":"2023-09-01T19:42:49","guid":{"rendered":"https:\/\/flipflop.portifoliodomarcelo.com.br\/?page_id=118"},"modified":"2023-11-22T15:45:44","modified_gmt":"2023-11-22T18:45:44","slug":"sobre-nos","status":"publish","type":"page","link":"https:\/\/flipflopmarcas.com.br\/?page_id=118","title":{"rendered":"Sobre N\u00f3s"},"content":{"rendered":"\t\t<div data-elementor-type=\"wp-page\" data-elementor-id=\"118\" class=\"elementor elementor-118\" data-elementor-post-type=\"page\">\n\t\t\t\t<div class=\"elementor-element elementor-element-a40622a e-con-full e-flex e-con e-parent\" data-id=\"a40622a\" data-element_type=\"container\" data-settings=\"{&quot;background_background&quot;:&quot;classic&quot;}\">\n\t\t\t\t<div class=\"elementor-element elementor-element-478097a elementor-widget elementor-widget-text-editor\" data-id=\"478097a\" data-element_type=\"widget\" data-widget_type=\"text-editor.default\">\n\t\t\t\t<div class=\"elementor-widget-container\">\n\t\t\t\t\t\t\t\t\t<p>FLIP FLOP MARCAS<\/p>\t\t\t\t\t\t\t\t<\/div>\n\t\t\t\t<\/div>\n\t\t\t\t<div class=\"elementor-element elementor-element-cf6dd25 elementor-widget elementor-widget-heading\" data-id=\"cf6dd25\" data-element_type=\"widget\" data-widget_type=\"heading.default\">\n\t\t\t\t<div class=\"elementor-widget-container\">\n\t\t\t\t\t<h1 class=\"elementor-heading-title elementor-size-default\">Sobre n\u00f3s<\/h1>\t\t\t\t<\/div>\n\t\t\t\t<\/div>\n\t\t\t\t<\/div>\n\t\t<div class=\"elementor-element elementor-element-03dcdc5 e-flex e-con-boxed e-con e-parent\" data-id=\"03dcdc5\" data-element_type=\"container\" data-settings=\"{&quot;background_background&quot;:&quot;classic&quot;}\">\n\t\t\t\t\t<div class=\"e-con-inner\">\n\t\t<div class=\"elementor-element elementor-element-0d2e4ae e-flex e-con-boxed e-con e-child\" data-id=\"0d2e4ae\" data-element_type=\"container\">\n\t\t\t\t\t<div class=\"e-con-inner\">\n\t\t\t\t<div class=\"elementor-element elementor-element-49899d6 elementor-widget elementor-widget-image\" data-id=\"49899d6\" data-element_type=\"widget\" data-widget_type=\"image.default\">\n\t\t\t\t<div class=\"elementor-widget-container\">\n\t\t\t\t\t\t\t\t\t\t\t\t\t\t\t<img decoding=\"async\" src=\"https:\/\/flipflop.portifoliodomarcelo.com.br\/wp-content\/uploads\/2023\/09\/image-1.png\" title=\"\" alt=\"\" loading=\"lazy\" \/>\t\t\t\t\t\t\t\t\t\t\t\t\t\t\t<\/div>\n\t\t\t\t<\/div>\n\t\t\t\t\t<\/div>\n\t\t\t\t<\/div>\n\t\t<div class=\"elementor-element elementor-element-da9674c e-flex e-con-boxed e-con e-child\" data-id=\"da9674c\" data-element_type=\"container\">\n\t\t\t\t\t<div class=\"e-con-inner\">\n\t\t\t\t<div class=\"elementor-element elementor-element-3e1c775 elementor-widget elementor-widget-text-editor\" data-id=\"3e1c775\" data-element_type=\"widget\" data-widget_type=\"text-editor.default\">\n\t\t\t\t<div class=\"elementor-widget-container\">\n\t\t\t\t\t\t\t\t\t<p><span style=\"white-space-collapse: preserve;\">Fundada em 2022<\/span><\/p>\t\t\t\t\t\t\t\t<\/div>\n\t\t\t\t<\/div>\n\t\t\t\t<div class=\"elementor-element elementor-element-4e85935 elementor-widget elementor-widget-heading\" data-id=\"4e85935\" data-element_type=\"widget\" data-widget_type=\"heading.default\">\n\t\t\t\t<div class=\"elementor-widget-container\">\n\t\t\t\t\t<h2 class=\"elementor-heading-title elementor-size-default\">A Flip Flop Marcas \u00e9 o\nseu brand business\npartner perfeito!<\/h2>\t\t\t\t<\/div>\n\t\t\t\t<\/div>\n\t\t\t\t<div class=\"elementor-element elementor-element-a4704fa elementor-widget elementor-widget-text-editor\" data-id=\"a4704fa\" data-element_type=\"widget\" data-widget_type=\"text-editor.default\">\n\t\t\t\t<div class=\"elementor-widget-container\">\n\t\t\t\t\t\t\t\t\t<p>Com processos \u00e9ticos, oferece aos seus clientes<br \/>prote\u00e7\u00e3o e seguran\u00e7a dos investimentos,<br \/>minimizando riscos e maximizando resultados.<\/p>\t\t\t\t\t\t\t\t<\/div>\n\t\t\t\t<\/div>\n\t\t\t\t\t<\/div>\n\t\t\t\t<\/div>\n\t\t\t\t\t<\/div>\n\t\t\t\t<\/div>\n\t\t<div class=\"elementor-element elementor-element-7b9856a e-flex e-con-boxed e-con e-parent\" data-id=\"7b9856a\" data-element_type=\"container\" data-settings=\"{&quot;background_background&quot;:&quot;classic&quot;}\">\n\t\t\t\t\t<div class=\"e-con-inner\">\n\t\t<div class=\"elementor-element elementor-element-b2195ec e-flex e-con-boxed e-con e-child\" data-id=\"b2195ec\" data-element_type=\"container\">\n\t\t\t\t\t<div class=\"e-con-inner\">\n\t\t\t\t<div class=\"elementor-element elementor-element-e34943b elementor-widget elementor-widget-heading\" data-id=\"e34943b\" data-element_type=\"widget\" data-widget_type=\"heading.default\">\n\t\t\t\t<div class=\"elementor-widget-container\">\n\t\t\t\t\t<h2 class=\"elementor-heading-title elementor-size-default\">Nossa Miss\u00e3o<\/h2>\t\t\t\t<\/div>\n\t\t\t\t<\/div>\n\t\t\t\t<div class=\"elementor-element elementor-element-0eedb4c elementor-widget elementor-widget-text-editor\" data-id=\"0eedb4c\" data-element_type=\"widget\" data-widget_type=\"text-editor.default\">\n\t\t\t\t<div class=\"elementor-widget-container\">\n\t\t\t\t\t\t\t\t\t<p>Com processos \u00e9ticos, oferece aos seus clientes<br \/>prote\u00e7\u00e3o e seguran\u00e7a dos investimentos,<br \/>minimizando riscos e maximizando resultados.<\/p>\t\t\t\t\t\t\t\t<\/div>\n\t\t\t\t<\/div>\n\t\t\t\t<div class=\"elementor-element elementor-element-2150dce elementor-widget elementor-widget-heading\" data-id=\"2150dce\" data-element_type=\"widget\" data-widget_type=\"heading.default\">\n\t\t\t\t<div class=\"elementor-widget-container\">\n\t\t\t\t\t<h2 class=\"elementor-heading-title elementor-size-default\">Nossa Vis\u00e3o<\/h2>\t\t\t\t<\/div>\n\t\t\t\t<\/div>\n\t\t\t\t<div class=\"elementor-element elementor-element-2c482de elementor-widget elementor-widget-text-editor\" data-id=\"2c482de\" data-element_type=\"widget\" data-widget_type=\"text-editor.default\">\n\t\t\t\t<div class=\"elementor-widget-container\">\n\t\t\t\t\t\t\t\t\t<p>Sermos a empresa de registro de marcas l\u00edder <br \/>no Brasil, oferecendo solu\u00e7\u00f5es inovadoras<br \/>e personalizadas que ajudem nossos clientes<br \/>a proteger seus ativos intelectuais.<\/p>\t\t\t\t\t\t\t\t<\/div>\n\t\t\t\t<\/div>\n\t\t\t\t\t<\/div>\n\t\t\t\t<\/div>\n\t\t<div class=\"elementor-element elementor-element-b402cab e-flex e-con-boxed e-con e-child\" data-id=\"b402cab\" data-element_type=\"container\">\n\t\t\t\t\t<div class=\"e-con-inner\">\n\t\t\t\t<div class=\"elementor-element elementor-element-63440d5 elementor-widget elementor-widget-image\" data-id=\"63440d5\" data-element_type=\"widget\" data-widget_type=\"image.default\">\n\t\t\t\t<div class=\"elementor-widget-container\">\n\t\t\t\t\t\t\t\t\t\t\t\t\t\t\t<img decoding=\"async\" src=\"https:\/\/flipflop.portifoliodomarcelo.com.br\/wp-content\/uploads\/2023\/09\/Rectangle-15.png\" title=\"\" alt=\"\" loading=\"lazy\" \/>\t\t\t\t\t\t\t\t\t\t\t\t\t\t\t<\/div>\n\t\t\t\t<\/div>\n\t\t\t\t\t<\/div>\n\t\t\t\t<\/div>\n\t\t\t\t\t<\/div>\n\t\t\t\t<\/div>\n\t\t<div class=\"elementor-element elementor-element-c91cbbc e-flex e-con-boxed e-con e-parent\" data-id=\"c91cbbc\" data-element_type=\"container\" data-settings=\"{&quot;background_background&quot;:&quot;classic&quot;}\">\n\t\t\t\t\t<div class=\"e-con-inner\">\n\t\t<div class=\"elementor-element elementor-element-7831679 e-flex e-con-boxed e-con e-child\" data-id=\"7831679\" data-element_type=\"container\">\n\t\t\t\t\t<div class=\"e-con-inner\">\n\t\t\t\t<div class=\"elementor-element elementor-element-f4f6ec8 elementor-widget elementor-widget-heading\" data-id=\"f4f6ec8\" data-element_type=\"widget\" data-widget_type=\"heading.default\">\n\t\t\t\t<div class=\"elementor-widget-container\">\n\t\t\t\t\t<h2 class=\"elementor-heading-title elementor-size-default\">Fundada por:<\/h2>\t\t\t\t<\/div>\n\t\t\t\t<\/div>\n\t\t\t\t<div class=\"elementor-element elementor-element-8fef921 elementor-widget elementor-widget-text-editor\" data-id=\"8fef921\" data-element_type=\"widget\" data-widget_type=\"text-editor.default\">\n\t\t\t\t<div class=\"elementor-widget-container\">\n\t\t\t\t\t\t\t\t\t<p>Jefferson Lopes, renomado designer e especialista em marketing digital, nossa empresa representa a conflu\u00eancia de criatividade e expertise estrat\u00e9gica. Com uma carreira consolidada no mercado h\u00e1 mais de 5 anos, Jefferson tem sido uma for\u00e7a impulsionadora na cria\u00e7\u00e3o e consolida\u00e7\u00e3o de marcas. Ao longo de sua trajet\u00f3ria, registrou mais de 100 marcas, marcando assim um impacto significativo no cen\u00e1rio empresarial.<\/p><p>Na vanguarda do design inovador e das estrat\u00e9gias digitais, nossa empresa se destaca pela abordagem \u00fanica de Jefferson, que combina vis\u00e3o est\u00e9tica com conhecimento aprofundado em marketing. Cada projeto \u00e9 uma express\u00e3o da nossa dedica\u00e7\u00e3o em transformar conceitos em realidade visual, impulsionando o sucesso de nossos clientes.<\/p><p>Acreditamos que o design vai al\u00e9m do est\u00e9tico; \u00e9 uma ferramenta estrat\u00e9gica para construir identidades que ressoam. Nossa equipe comprometida, liderada por Jefferson, est\u00e1 pronta para colaborar com voc\u00ea na cria\u00e7\u00e3o e fortalecimento da sua presen\u00e7a no mercado.<\/p><p>Descubra como podemos elevar a sua marca para novos patamares. Seja bem-vindo \u00e0 inova\u00e7\u00e3o, \u00e0 excel\u00eancia e \u00e0 parceria estrat\u00e9gica.<\/p>\t\t\t\t\t\t\t\t<\/div>\n\t\t\t\t<\/div>\n\t\t\t\t\t<\/div>\n\t\t\t\t<\/div>\n\t\t<div class=\"elementor-element elementor-element-fbc517e e-con-full e-flex e-con e-child\" data-id=\"fbc517e\" data-element_type=\"container\">\n\t\t<div class=\"elementor-element elementor-element-23c4507 e-flex e-con-boxed e-con e-child\" data-id=\"23c4507\" data-element_type=\"container\" data-settings=\"{&quot;background_background&quot;:&quot;classic&quot;}\">\n\t\t\t\t\t<div class=\"e-con-inner\">\n\t\t\t\t<div class=\"elementor-element elementor-element-b56b2fb elementor-widget elementor-widget-image\" data-id=\"b56b2fb\" data-element_type=\"widget\" data-widget_type=\"image.default\">\n\t\t\t\t<div class=\"elementor-widget-container\">\n\t\t\t\t\t\t\t\t\t\t\t\t\t\t\t<img fetchpriority=\"high\" decoding=\"async\" width=\"768\" height=\"1024\" src=\"https:\/\/flipflopmarcas.com.br\/wp-content\/uploads\/2023\/11\/IMG_4962-768x1024.png\" class=\"attachment-large size-large wp-image-673\" alt=\"\" srcset=\"https:\/\/flipflopmarcas.com.br\/wp-content\/uploads\/2023\/11\/IMG_4962-768x1024.png 768w, https:\/\/flipflopmarcas.com.br\/wp-content\/uploads\/2023\/11\/IMG_4962-225x300.png 225w, https:\/\/flipflopmarcas.com.br\/wp-content\/uploads\/2023\/11\/IMG_4962-1152x1536.png 1152w, https:\/\/flipflopmarcas.com.br\/wp-content\/uploads\/2023\/11\/IMG_4962-1536x2048.png 1536w\" sizes=\"(max-width: 768px) 100vw, 768px\" \/>\t\t\t\t\t\t\t\t\t\t\t\t\t\t\t<\/div>\n\t\t\t\t<\/div>\n\t\t\t\t\t<\/div>\n\t\t\t\t<\/div>\n\t\t\t\t<\/div>\n\t\t\t\t\t<\/div>\n\t\t\t\t<\/div>\n\t\t<div class=\"elementor-element elementor-element-c99de73 e-flex e-con-boxed e-con e-parent\" data-id=\"c99de73\" data-element_type=\"container\" data-settings=\"{&quot;background_background&quot;:&quot;classic&quot;}\">\n\t\t\t\t\t<div class=\"e-con-inner\">\n\t\t<div class=\"elementor-element elementor-element-861027b e-con-full e-flex e-con e-child\" data-id=\"861027b\" data-element_type=\"container\">\n\t\t\t\t<div class=\"elementor-element elementor-element-02d248f elementor-widget elementor-widget-image\" data-id=\"02d248f\" data-element_type=\"widget\" data-widget_type=\"image.default\">\n\t\t\t\t<div class=\"elementor-widget-container\">\n\t\t\t\t\t\t\t\t\t\t\t\t\t\t\t<img decoding=\"async\" width=\"1024\" height=\"1024\" src=\"https:\/\/flipflopmarcas.com.br\/wp-content\/uploads\/2022\/11\/flipflopmarcas-1024x1024.png\" class=\"attachment-large size-large wp-image-129\" alt=\"Flip Flop Marcas e LEX\" srcset=\"https:\/\/flipflopmarcas.com.br\/wp-content\/uploads\/2022\/11\/flipflopmarcas-1024x1024.png 1024w, https:\/\/flipflopmarcas.com.br\/wp-content\/uploads\/2022\/11\/flipflopmarcas-300x300.png 300w, https:\/\/flipflopmarcas.com.br\/wp-content\/uploads\/2022\/11\/flipflopmarcas-150x150.png 150w, https:\/\/flipflopmarcas.com.br\/wp-content\/uploads\/2022\/11\/flipflopmarcas-768x768.png 768w, https:\/\/flipflopmarcas.com.br\/wp-content\/uploads\/2022\/11\/flipflopmarcas.png 1080w\" sizes=\"(max-width: 1024px) 100vw, 1024px\" \/>\t\t\t\t\t\t\t\t\t\t\t\t\t\t\t<\/div>\n\t\t\t\t<\/div>\n\t\t\t\t<\/div>\n\t\t<div class=\"elementor-element elementor-element-9091ad1 e-con-full e-flex e-con e-child\" data-id=\"9091ad1\" data-element_type=\"container\">\n\t\t\t\t<div class=\"elementor-element elementor-element-4718bea elementor-widget elementor-widget-heading\" data-id=\"4718bea\" data-element_type=\"widget\" data-widget_type=\"heading.default\">\n\t\t\t\t<div class=\"elementor-widget-container\">\n\t\t\t\t\t<h2 class=\"elementor-heading-title elementor-size-default\">Nossa Miss\u00e3o<\/h2>\t\t\t\t<\/div>\n\t\t\t\t<\/div>\n\t\t\t\t<div class=\"elementor-element elementor-element-fb84b8f elementor-widget elementor-widget-text-editor\" data-id=\"fb84b8f\" data-element_type=\"widget\" data-widget_type=\"text-editor.default\">\n\t\t\t\t<div class=\"elementor-widget-container\">\n\t\t\t\t\t\t\t\t\t<p>Inova\u00e7\u00e3o: Buscamos constantemente por<br \/>novas solu\u00e7\u00f5es e tecnologias para oferecer <br \/>aos nossos clientes as melhores solu\u00e7\u00f5es de<br \/>registro de marcas.<br \/><br \/>Efic\u00e1cia: Nosso foco \u00e9 garantir que nossos<br \/>clientes obtenham o registro de suas marcas<br \/>de forma r\u00e1pida e eficiente.<br \/><br \/>Parceria: Trabalhamos em parceria com nossos<br \/>clientes para entender suas necessidades e desenvolver<br \/>estrat\u00e9gias que atendam \u00e0s suas expectativas.<br \/><br \/>Excel\u00eancia: Nos esfor\u00e7amos para atingir o mais<br \/>alto n\u00edvel de qualidade em nossos servi\u00e7os.<br \/><br \/>Responsabilidade social: Acreditamos que a<br \/>responsabilidade social \u00e9 essencial para o sucesso<br \/>de uma empresa. Por isso, nos comprometemos a<br \/>contribuir com a sociedade por meio de a\u00e7\u00f5es de<br \/>impacto positivo.<\/p>\t\t\t\t\t\t\t\t<\/div>\n\t\t\t\t<\/div>\n\t\t\t\t<\/div>\n\t\t\t\t\t<\/div>\n\t\t\t\t<\/div>\n\t\t\t\t<\/div>\n\t\t","protected":false},"excerpt":{"rendered":"<p>FLIP FLOP MARCAS Sobre n\u00f3s Fundada em 2022 A Flip Flop Marcas \u00e9 o seu brand business partner perfeito! Com processos \u00e9ticos, oferece aos seus clientesprote\u00e7\u00e3o e seguran\u00e7a dos investimentos,minimizando riscos e maximizando resultados. Nossa Miss\u00e3o Com processos \u00e9ticos, oferece aos seus clientesprote\u00e7\u00e3o e seguran\u00e7a dos investimentos,minimizando riscos e maximizando resultados. Nossa Vis\u00e3o Sermos a [&hellip;]<\/p>\n","protected":false},"author":1,"featured_media":0,"parent":0,"menu_order":0,"comment_status":"closed","ping_status":"closed","template":"","meta":{"om_disable_all_campaigns":false,"_monsterinsights_skip_tracking":false,"_monsterinsights_sitenote_active":false,"_monsterinsights_sitenote_note":"","_monsterinsights_sitenote_category":0,"site-sidebar-layout":"no-sidebar","site-content-layout":"","ast-site-content-layout":"full-width-container","site-content-style":"default","site-sidebar-style":"default","ast-global-header-display":"","ast-banner-title-visibility":"","ast-main-header-display":"","ast-hfb-above-header-display":"","ast-hfb-below-header-display":"","ast-hfb-mobile-header-display":"","site-post-title":"disabled","ast-breadcrumbs-content":"","ast-featured-img":"disabled","footer-sml-layout":"","theme-transparent-header-meta":"","adv-header-id-meta":"","stick-header-meta":"","header-above-stick-meta":"","header-main-stick-meta":"","header-below-stick-meta":"","astra-migrate-meta-layouts":"default","ast-page-background-enabled":"default","ast-page-background-meta":{"desktop":{"background-color":"var(--ast-global-color-4)","background-image":"","background-repeat":"repeat","background-position":"center center","background-size":"auto","background-attachment":"scroll","background-type":"","background-media":"","overlay-type":"","overlay-color":"","overlay-opacity":"","overlay-gradient":""},"tablet":{"background-color":"","background-image":"","background-repeat":"repeat","background-position":"center center","background-size":"auto","background-attachment":"scroll","background-type":"","background-media":"","overlay-type":"","overlay-color":"","overlay-opacity":"","overlay-gradient":""},"mobile":{"background-color":"","background-image":"","background-repeat":"repeat","background-position":"center center","background-size":"auto","background-attachment":"scroll","background-type":"","background-media":"","overlay-type":"","overlay-color":"","overlay-opacity":"","overlay-gradient":""}},"ast-content-background-meta":{"desktop":{"background-color":"var(--ast-global-color-5)","background-image":"","background-repeat":"repeat","background-position":"center center","background-size":"auto","background-attachment":"scroll","background-type":"","background-media":"","overlay-type":"","overlay-color":"","overlay-opacity":"","overlay-gradient":""},"tablet":{"background-color":"var(--ast-global-color-5)","background-image":"","background-repeat":"repeat","background-position":"center center","background-size":"auto","background-attachment":"scroll","background-type":"","background-media":"","overlay-type":"","overlay-color":"","overlay-opacity":"","overlay-gradient":""},"mobile":{"background-color":"var(--ast-global-color-5)","background-image":"","background-repeat":"repeat","background-position":"center center","background-size":"auto","background-attachment":"scroll","background-type":"","background-media":"","overlay-type":"","overlay-color":"","overlay-opacity":"","overlay-gradient":""}},"footnotes":""},"aioseo_notices":[],"_links":{"self":[{"href":"https:\/\/flipflopmarcas.com.br\/index.php?rest_route=\/wp\/v2\/pages\/118"}],"collection":[{"href":"https:\/\/flipflopmarcas.com.br\/index.php?rest_route=\/wp\/v2\/pages"}],"about":[{"href":"https:\/\/flipflopmarcas.com.br\/index.php?rest_route=\/wp\/v2\/types\/page"}],"author":[{"embeddable":true,"href":"https:\/\/flipflopmarcas.com.br\/index.php?rest_route=\/wp\/v2\/users\/1"}],"replies":[{"embeddable":true,"href":"https:\/\/flipflopmarcas.com.br\/index.php?rest_route=%2Fwp%2Fv2%2Fcomments&post=118"}],"version-history":[{"count":12,"href":"https:\/\/flipflopmarcas.com.br\/index.php?rest_route=\/wp\/v2\/pages\/118\/revisions"}],"predecessor-version":[{"id":680,"href":"https:\/\/flipflopmarcas.com.br\/index.php?rest_route=\/wp\/v2\/pages\/118\/revisions\/680"}],"wp:attachment":[{"href":"https:\/\/flipflopmarcas.com.br\/index.php?rest_route=%2Fwp%2Fv2%2Fmedia&parent=118"}],"curies":[{"name":"wp","href":"https:\/\/api.w.org\/{rel}","templated":true}]}}